t of b?
2
Let w(d) = d**3 + 5*d**2 + 2*d - 3. Let o be w(-4). Suppose 4*c = -3*l + 28, o*l - 16 + 0 = c. Let m = l + -2. What is the units digit of m?
2
What is the tens digit of 1/(1/((-15)/9))*-153?
5
Suppose 0 = -2*l + 7*l. Suppose l = 2*b - 28 + 6. What is the tens digit of b?
1
Let f(j) be the first derivative of -1/3*j**3 - 2 + 5*j + 4*j**2. What is the units digit of f(7)?
2
Let v(d) = -2*d - 2*d + 5*d - 5. Let r be v(5). Suppose 4*f + 0*f - 12 = r. What is the units digit of f?
3
Let v(i) = i + 6. Let z(b) = b**2 + 11*b + 5. Let x be z(-10). What is the units digit of v(x)?
1
What is the units digit of ((-1329)/6)/((-1)/2)?
3
Let z = -4 + 6. Suppose -g - 4*f = -22, g + z*f + 6 = 38. Suppose g = 2*o + 14. What is the tens digit of o?
1
What is the units digit of 552/15 + (-1)/(-5) - 0?
7
Let y(t) = -t**2 - 7*t + 6. Let j(l) = 2*l + 1. Suppose -m - 4*g + 12 = 0, -5*g + 32 = -m - 2*m. Let a be j(m). What is the units digit of y(a)?
6
Let k be 12/90 - (-1569)/45. Suppose -8*g - k = -9*g. What is the tens digit of g?
3
Let f be ((-170)/(-51))/(4/6). Suppose r = f*k + 56, 3*r + 2*k - 132 = -k. What is the tens digit of r?
4
Let f = 85 - 54. What is the tens digit of f?
3
Suppose -5*n + 3*d - 151 = 2*d, 0 = -2*n + 2*d - 62. What is the tens digit of (-135)/25*n/9?
1
Let c = 17 + -4. Let s = 21 - c. What is the units digit of s?
8
Let p(x) = 3*x**2 - 2*x + 1. What is the units digit of p(2)?
9
Let i be 3*(-2)/15*-20. Let t(s) = s**3 - 8*s**2 + 2*s - 3. What is the tens digit of t(i)?
1
Suppose 0 = j - 2*b - 22, -2*b + 6*b - 68 = -5*j. What is the units digit of j?
6
What is the tens digit of 2/(-2) + -10*27/(-2)?
3
Suppose -16 + 11 = -5*z. Suppose 3*l - 4 = -2*k, -4*k + k = 3*l - 9. Suppose -z = -q + k. What is the units digit of q?
6
Let x be (30/25)/(4/10). What is the units digit of 17 - 1 - 1*x?
3
Suppose -28 = -2*m - 3*f + 2*f, 47 = 3*m - f. What is the units digit of m?
5
Let w(y) = y - 1. Let q be 4/(0 + -2 + 4). Let i = q + 1. What is the units digit of w(i)?
2
Suppose -4 = -2*d + 16. Suppose -22 - d = -2*f. What is the tens digit of f?
1
Let x be (-169)/(-4) + (-2)/8. Suppose 0*b - 3*b + x = 0. What is the units digit of b?
4
Suppose -3*j + 26 = -28. Let t = -6 + j. What is the units digit of t?
2
Suppose 104 - 334 = -5*g. What is the tens digit of g?
4
Let v(t) = -4*t**2 + t**3 + t**2 + 3*t - 3*t - 2. What is the units digit of v(4)?
4
Let p be (2/(-4)*-6)/1. Let a(v) = v**3 - v**2 - 4*v + 4. What is the units digit of a(p)?
0
Let s(g) be the third derivative of -g**6/120 + g**5/15 + 7*g**4/24 + 2*g**2. What is the units digit of s(5)?
0
Let y = 10 + -8. Suppose -y*v + 37 = 7. What is the units digit of v?
5
Suppose 5*n - 27 = -7. Suppose -n*h - o = o - 46, 20 = 4*o. What is the units digit of h?
9
Let g(p) = -p**3 + 30. What is the tens digit of g(0)?
3
Let x(m) be the third derivative of 0 - 1/30*m**5 - 1/60*m**6 - 3*m**2 + 0*m + 0*m**3 - 1/8*m**4. What is the units digit of x(-2)?
4
Let j = 2 - -1. Suppose j*l + 16 = -26. Let p = l + 25. What is the tens digit of p?
1
Suppose v = 3*v - 44. Let z = v - 11. Let x = z + -5. What is the units digit of x?
6
Suppose -85 = -5*n + 5*m, -2*n + 7*n + 3*m = 101. Let q = 4 + n. What is the units digit of q?
3
Let j = 5 + 4. What is the units digit of j?
9
Suppose -3*s - 2*s + 142 = -3*g, 2*s - 48 = -g. What is the units digit of s?
6
Let s(x) = x**3 - 11*x**2 + 3*x + 3. What is the tens digit of s(11)?
3
Suppose 0 = -g + 4, 3*c - g + 3*g + 67 = 0. Let o = 37 + c. What is the units digit of o?
2
Suppose -46 - 18 = -4*c. What is the units digit of c?
6
Let p be (-76)/24 - (-1)/6. Let g(m) = 2*m**2 + m + 7. What is the tens digit of g(p)?
2
Let a(f) = f**3 + 5*f**2 + f - 5. Let x be a(-4). Let w(m) = m**2 + m. Let l be w(-4). Let h = l - x. What is the units digit of h?
5
Let t = -31 - -55. Suppose t - 4 = 5*j. Suppose 5*c + 6*m - 2*m = -11, 4 = -j*c - 2*m. What is the units digit of c?
1
Let x be (-3)/(-2) + (-3)/(-2). Suppose -x*y = 5*v - 24, 0*v - 36 = -3*y - v. What is the units digit of y?
3
Suppose 0 = -2*g - 2, -3*k + 2*g + 0*g = -83. What is the tens digit of k?
2
Let k(y) = -2*y**3 + 5*y - 3. Let n(z) = 5*z**3 - z**2 - 14*z + 8. Let f(u) = -8*k(u) - 3*n(u). Let r be f(-2). Let h = 4 - r. What is the units digit of h?
4
Let t(y) be the second derivative of -y**4/12 - 3*y**3/2 - y**2/2 - 4*y. What is the units digit of t(-8)?
7
Let y = 6 + 5. Let j = -5 + y. What is the units digit of j?
6
Let i = 108 - 30. Suppose a = -4*l + 70, -4*l = -2*a - a - i. What is the units digit of ((-8)/(-6))/(4/l)?
6
Let z(r) be the third derivative of -r**4/8 - r**3 - 3*r**2. What is the units digit of z(-6)?
2
Let k(b) be the first derivative of -3*b**2 + 1/3*b**3 + 7*b - 2. What is the units digit of k(5)?
2
Let t(u) = -u**3 + 5*u**2 - 3*u. Let i be (1 + 1/(-2))*8. Let y be t(i). Suppose -3*v - y = -43. What is the tens digit of v?
1
Let r(z) = 2*z**3 - 9*z**2 - 8*z + 9. Let f(x) = 6*x**3 - 26*x**2 - 23*x + 26. Let h(j) = 6*f(j) - 17*r(j). What is the units digit of h(3)?
4
Let m(r) = -r - 4. Let b be m(-10). Suppose -3*i = -i - b. What is the units digit of (16/(-3))/((-2)/i)?
8
Let z be (-3)/(-2)*(3 + 7). Suppose z = -4*c + 47. What is the units digit of c?
8
Suppose 4*o - 2*o = 42. What is the tens digit of o?
2
Suppose 5*j + 20 = 0, -4*j - j + 128 = 4*d. Let s = d + -20. What is the units digit of s?
7
Let t(u) = -9*u - 14. Let l be t(-11). Let q = -33 + l. What is the tens digit of q?
5
Suppose 0 = -4*k + 2*k - 2*y + 52, 5*k - 122 = -3*y. What is the tens digit of k?
2
Suppose b + 8 = -b - 2*s, s = 0. Let x = 7 - b. What is the tens digit of x?
1
Suppose -3*m = -0*m - 141. Suppose 2 = -5*y + 17. Suppose 3*f - o = 33 - 4, -4*f + y*o = -m. What is the units digit of f?
8
Suppose 0 = 2*o - 75 + 25. Suppose -8*a = -3*a - o. What is the units digit of a/(-30) - (-50)/12?
4
Suppose -3*y + 6*y - 12 = 0. Suppose -67 - 9 = -y*b. What is the units digit of b?
9
Let n(s) = s**3 + 3*s**2 - 2*s - 3. Let o be n(-3). Suppose -o*y + 3 = -0*y. Suppose r + 3*r = k - y, -5*r + k = 0. What is the units digit of r?
1
Let x = -340 + 563. What is the hundreds digit of x?
2
Suppose 0 = p - 3*n - 49, -5*p + 209 = -2*n - n. What is the tens digit of p?
4
Suppose 4*i = i + 66. What is the tens digit of i?
2
Suppose -44 = -2*i - 0*i - 5*y, 4*i + 5*y = 88. Suppose 3*l + 7*u + i = 2*u, 3*u + 13 = -2*l. What is the units digit of l?
1
Suppose 3 + 2 = 5*v + 5*n, 5*v + n = 13. Suppose 5*x - g - 28 = 0, -g - 4 = -v*g. What is the units digit of x?
6
Let n(m) = -m**3 - m**2 - m - 2. Let d be n(0). Let v be (0 + -5)*(-3 - d). Suppose -v*j - 2*q = -30 - 2, -3*q = -4*j + 44. What is the units digit of j?
8
Let s(m) be the third derivative of m**5/20 - m**4/24 + 2*m**2. What is the tens digit of s(-2)?
1
Let d = 5 - -1. What is the units digit of (d/10)/((-11)/(-55))?
3
Let c = 8 + -4. Let s = c + -2. Suppose q + 0 = s*v + 7, -5*q + 35 = 3*v. What is the units digit of q?
7
Suppose -w = 4*w - 3*i - 150, -w + 5*i + 8 = 0. What is the tens digit of w?
3
Let o be ((3 - 0) + -2)*1. What is the tens digit of -2 + (3 - o) - -10?
1
Let t(m) = -m**2 - 11*m - 3. What is the units digit of t(-5)?
7
Let k(x) = x**3 + 4*x**2 - 8*x - 5. Let s(a) = -a**3 - 5*a**2 - 5*a - 2. Let l = -1 - 2. Let r be s(l). What is the tens digit of k(r)?
1
Suppose 64 = 4*b - 0*b. Let m = b + -2. Suppose -j = -k + 4, -m = k - 4*k + 5*j. What is the units digit of k?
3
Let p = 2 - -9. Suppose b - 33 = -p. What is the units digit of b?
2
Suppose 0 = -2*l + l + 11. Let h = l + 1. What is the units digit of h?
2
Suppose -3*q = -245 + 11. What is the tens digit of q?
7
Suppose -2*p - 8 = 5*x, -6 + 2 = 2*p + 4*x. What is the units digit of p?
6
Let h(w) = w**3 - 4*w**2 - 8*w - 5. Let k be h(6). Let a = k + -13. Suppose -2*f = -3*o - 14, -a*o = -o. What is the units digit of f?
7
Suppose -14 = 3*x - 5. Let t be 0/(-3) - (-1 + x). Suppose t*w = 2 + 30. What is the units digit of w?
8
Let m(j) = j**2 + 4*j. What is the units digit of m(3)?
1
Let l(i) = -i**3 - 10*i**2 - 10*i - 4. Suppose -4*h - 5*p - 48 = 0, p = 2*h - 7*h - 60. Let c = 3 + h. What is the units digit of l(c)?
5
Suppose 3*o = -o + 16. Suppose 0 = o*l - 6 - 2. What is the units digit of l?
2
Suppose 0*m = -9*m +